f) = f**2 + f - 49. Let x(v) = -v**3 + 7*v**2 - 5*v + 6. Let z be x(6). Calculate the remainder when q(z) is divided by 27.
26
Suppose 3*x - 24 = -7*t + 2*t, 4*x - 12 = 0. Suppose -h - 72 = -4*h. Suppose -4*i + 4*r = -4 - h, -13 = i + 4*r. Calculate the remainder when i is divided by t.
0
Let l(d) = 10*d + 45. Let k be l(-4). Suppose -2*q = k*v - 183, -2*v = -2*q + 3*q - 92. What is the remainder when q is divided by 26?
16
Let m be ((-4)/(-8))/((-1)/(-2))*3. Suppose 0 = -2*t + 2*p + 528, 0 = -0*p + p + m. Calculate the remainder when t is divided by 12.
9
Let z(h) = -105*h + 19. What is the remainder when 443 is divided by z(-1)?
71
Suppose -7*k = 9 - 30. What is the remainder when 60 is divided by 0 + 39 - (-1 + k)?
23
Let o = -6762 - -7355. Calculate the remainder when o is divided by 5.
3
Suppose 2*x - 53 = -65. Let u = -8 - x. What is the remainder when 29 is divided by (9/u)/((-3)/4)?
5
Let g = 0 + 58. Let d be -93 + (0 - -3) - (0 - -2). Let q = d + 112. What is the remainder when g is divided by q?
18
Let a(n) = 94*n**2 - 18*n + 39. Calculate the remainder when a(3) is divided by 413.
5
Suppose 0 = 3*j - 4*u + 292, 5*j - u + 610 = 146. Let d = j - -104. Calculate the remainder when (-6)/d*19*-2 is divided by 10.
9
Let o(h) = h + 5. Let w be o(0). Suppose -3*t + 2*t + 4 = -y, 0 = -2*t - w*y + 15. Suppose -150 = -127*r + 97*r. What is the remainder when r is divided by t?
0
Let l be -10 - 288/(-27) - 13/(-3). Suppose 35 = 3*a - l*u - 47, 4*u = 16. Calculate the remainder when a is divided by 14*((-2)/4 + 1).
6
Suppose -26*t + 93 = -63. Let y(g) = -g - 5. Let v be y(-6). Suppose -4*w = -w - 4*x + v, t = 3*w + 3*x. Calculate the remainder when 1 is divided by w.
0
Let c = -1047 + 378. Let k = -288 - c. Calculate the remainder when k is divided by 12.
9
Let l = 23 + 85. Let m = l - 72. Let v(h) = h**2 + 28*h + 140. Calculate the remainder when m is divided by v(-22).
4
Let c(g) = 3009*g - 5210. Calculate the remainder when c(2) is divided by 402.
4
Let x(n) = -2*n**3 + 3*n + 1. Let d(z) = -23*z - 16. Suppose -2*g + 11*v - 14*v = 13, 0 = 4*v + 12. What is the remainder when d(g) is divided by x(-2)?
8
Let y(b) = b**3 + b**2 - 6*b - 1. Let g be y(-4). Let d = 26 + g. Calculate the remainder when ((-2)/(-6))/(d/123) is divided by 11.
8
Let h(x) = 2*x - 17. Let m be h(9). Let o be (2 + -6)/8*(m - 1). Suppose o = -21*t + 12*t + 315. What is the remainder when t is divided by 19?
16
Suppose 401 = -6*s + 41. Let o = -57 - s. Suppose 0 = o*j - 47 - 22. What is the remainder when 110 is divided by j?
18
Let h = -1252 + 1384. Calculate the remainder when 947 is divided by h.
23
Suppose -3*s + 106 = 5*i, 0 = -5*i + 10*i - 25. Let t(a) = -a + 14. What is the remainder when ((-486)/s)/((-2)/3) is divided by t(0)?
13
Let j(z) = z**2 + 12*z - 155. What is the remainder when j(-24) is divided by 50?
33
Let m = 5699 + -4961. What is the remainder when m is divided by 56?
10
Suppose -30*m + 52*m - 8528 = -30*m. Calculate the remainder when 331 is divided by m.
3
Suppose -d + 191 = -4*g - 7, 5*d = -4*g + 1110. Let k = -184 + d. Calculate the remainder when k is divided by 12.
10
Let g = 63 + -58. Suppose -g*n = c - 0*n - 24, 2*c = -3*n + 20. Suppose 4 = -c*a + 20. Calculate the remainder when 10 is divided by a.
2
Let y be 2 + ((1 - -1) + -3 - -5). Let t(v) = -v**3 + 9*v**2 - 7*v - 9. Let z = 91 + -61. Calculate the remainder when t(y) is divided by z.
27
Let r = -28287 + 28494. Calculate the remainder when 2084 is divided by r.
14
Let r(d) = -206*d + 1562. Calculate the remainder when 377 is divided by r(7).
17
Let g = 40 + -61. Let u = g - -26. Suppose -37 = -3*h + u. Calculate the remainder when h is divided by 9.
5
Suppose 4*v = -11*v + 180. Suppose -4*n = 0, -2*n + v = -3*c + 42. What is the remainder when c is divided by 9?
1
Suppose 0 = -417*r + 410*r + 665. Calculate the remainder when 143/5 - (-38)/r is divided by 4/6 + 28/3.
9
Let i = 2271 + -2215. Calculate the remainder when i is divided by 4.
0
Let m be (23/46)/(2/20). Calculate the remainder when 158 is divided by -1 + m + 20 + -1 + 0.
20
Let o = 846 + -844. Suppose 0 = o*k + 2*w - 1022, 5*w + 2026 = k + 3*k. What is the remainder when k is divided by 8?
5
Let r be 204/(-10)*(-20)/6. Suppose -4*c - 48 + r = 0. Suppose 5*b - 10 = 2*w - 0*b, -w = c*b - 25. What is the remainder when 6 is divided by w?
1
Let g(l) = -l**3 + 5*l**2 - 9*l + 13. Let t be g(3). Suppose 0 = -d + 4*a + 9, -48 = -21*d + 17*d + t*a. Calculate the remainder when 47 is divided by d.
8
Calculate the remainder when ((-1130)/15)/((-33)/297) is divided by 27.
3
Let b(v) = v**2 + 64*v - 1352. Calculate the remainder when b(18) is divided by 73.
51
Suppose -215 = -5*z + 5*x, 125 = 3*z - 8*x + 3*x. Let q = 34 + -218. What is the remainder when z is divided by (-16)/56 - q/7?
19
Suppose 0 = 16*n + 6678 - 6742. Calculate the remainder when 42 is divided by n.
2
Suppose -3004452 - 2757436 = -285*g + 967817. Calculate the remainder when g is divided by 8.
5
Let l = 26039 + -25994. Calculate the remainder when 901 is divided by l.
1
Let d = -49 - -169. Suppose -15*p + 44*p - 3190 = -29*p. What is the remainder when d is divided by p?
10
Let j = -9 - -53. Let z(s) = s**2 - 23*s + 28. Let f be z(21). Calculate the remainder when j is divided by (-2)/f + (-62)/(-7).
8
Suppose 2*n - 520 = -2*u - 2*u, 5*n = 3*u - 416. Suppose -c + 38 = d, 4*d - u = 5*c + 11. Calculate the remainder when d is divided by 13.
11
Suppose 3*i - 2 = -g - 3*g, 0 = g + i. Suppose -g*o - 41 + 201 = 0. Calculate the remainder when o is divided by 29.
22
Suppose -5*u - 3 = -6*o - 134, -u + 19 = -3*o. Calculate the remainder when u is divided by (0 - (1 - -1)) + 22.
11
Suppose 9*y - 2*y - 98 = 0. What is the remainder when (-1828)/(-11) + (-116)/638 is divided by y?
12
Let d = 82 - 66. Let h(c) = -c**3 + 17*c**2 - 14*c - 47. Let i be h(d). What is the remainder when 31 is divided by 2/(3 + -13) + (-333)/i?
9
Let m(r) = r**3 - 66*r**2 - 65*r - 53. What is the remainder when 205 is divided by m(67)?
43
What is the remainder when 1132 is divided by 8*(-40)/384*-24?
12
Let b be (-836)/(-24) - (-2)/12. Suppose -3*y + b = 11. Suppose 3*g + 80 = y*g. Calculate the remainder when 47 is divided by g.
15
Suppose 3*s - 15 = -2*s. What is the remainder when 396/(-440)*((-366)/(-18) - 1)*10/(-6) is divided by s/(-2)*44/(-6)?
7
Suppose 4*x - 1 = -3*d, 2*d + 4 = 5*x - 10*x. Suppose 3148 = q + d*q. Suppose 9*c - q = 365. What is the remainder when c is divided by 13?
11
Suppose 15*p = 20*p - 855. Let q = p + -62. What is the remainder when q*(3 - (-7)/(-2))*-2 is divided by 28?
25
Let z = -7781 + 10820. Calculate the remainder when z is divided by 16.
15
Suppose 0 = -a + 10 + 34. Suppose 62 = 4*y - 2*s, 67*y - 3*s = 69*y - 35. What is the remainder when a is divided by y?
12
Suppose -121 = -3*p - 5*f, p - 27 = -3*f + 20. Suppose 0*k + 2*a - 20 = 5*k, 5*k + a + 5 = 0. Calculate the remainder when p is divided by (-51)/k*(-32)/(-48).
15
Let g = -804 + 839. Suppose 2*j + 2*a + 2*a = 648, -5*j = 2*a - 1612. Suppose j = 7*i - g. What is the remainder when i is divided by 7?
2
Let z be (-2)/(-15) - 472/(-60). Suppose 702 = -2*p + z*p. Suppose -3*w + 3*u + 10 + 74 = 0, -u + p = 4*w. Calculate the remainder when 57 is divided by w.
28
Let u = 625 - 425. Let y = 417 - u. What is the remainder when y is divided by 44?
41
Let w = 8511 - 6657. What is the remainder when w is divided by 8?
6
Let o(a) = 205*a**2 - 12*a - 13. Suppose 3*q + 7 = -c - 0*q, 0 = 4*q + 8. What is the remainder when o(c) is divided by 14?
8
Let r = -20557 + 20517. Let t(q) = 6*q. Let f be t(2). Calculate the remainder when 69 is divided by (-490)/r + (-3)/f.
9
Let t(l) = 43*l + 189. Calculate the remainder when t(4) is divided by 52.
49
Let k = -21 + 127. Let n = 115 - k. Calculate the remainder when 25 is divided by n.
7
Let z = -4881 + 5181. What is the remainder when 939 is divided by z?
39
Suppose 0 = -4*a + p + 31, -8 - 11 = -2*a - 3*p. Let s be (-9790)/88 + (-6)/a*1. Calculate the remainder when 26 is divided by (s/24)/(2/(-3)).
5
Let i(s) = -s**3 + 8*s**2 - 8*s + 19. Let k be i(7). Let y = k - 22. Calculate the remainder when y/(-8)*(5 + -10 - -53) is divided by 16.
12
Suppose -457 = -4*h + 279. Suppose 0 = -2*q +